
20
Calculate the remainder when 242 is divided by 27.
26
Calculate the remainder when 833 is divided by 102.
17
Calculate the remainder when 66 is divided by 47.
19
Calculate the remainder when 1600 is divided by 229.
226
Calculate the remainder when 95 is divided by 32.
31
What is the remainder when 78 is divided by 35?
8
Calculate the remainder when 493 is divided by 38.
37
Calculate the remainder when 88 is divided by 24.
16
What is the remainder when 319 is divided by 32?
31
What is the remainder when 11830 is divided by 58?
56
Calculate the remainder when 25766 is divided by 73.
70
What is the remainder when 868 is divided by 182?
140
Calculate the remainder when 6861 is divided by 11.
8
Calculate the remainder when 196 is divided by 20.
16
What is the remainder when 707 is divided by 535?
172
What is the remainder when 71 is divided by 24?
23
Calculate the remainder when 1258 is divided by 13.
10
Calculate the remainder when 370 is divided by 101.
67
Calculate the remainder when 362 is divided by 28.
26
Calculate the remainder when 300 is divided by 76.
72
What is the remainder when 50 is divided by 47?
3
What is the remainder when 994 is divided by 83?
81
What is the remainder when 531 is divided by 13?
11
Calculate the remainder when 64 is divided by 27.
10
Calculate the remainder when 1149 is divided by 48.
45
What is the remainder when 28 is divided by 26?
2
Calculate the remainder when 55 is divided by 29.
26
What is the remainder when 124 is divided by 58?
8
Calculate the remainder when 686 is divided by 105.
56
What is the remainder when 4268 is divided by 19?
12
What is the remainder when 208 is divided by 69?
1
Calculate the remainder when 1261 is divided by 44.
29
Calculate the remainder when 134 is divided by 15.
14
What is the remainder when 421 is divided by 49?
29
What is the remainder when 1529 is divided by 25?
4
Calculate the remainder when 225 is divided by 7.
1
What is the remainder when 143 is divided by 19?
10
Calculate the remainder when 205 is divided by 39.
10
Calculate the remainder when 3491 is divided by 23.
18
Calculate the remainder when 326 is divided by 43.
25
Calculate the remainder when 612 is divided by 151.
8
What is the remainder when 731 is divided by 201?
128
What is the remainder when 398 is divided by 166?
66
What is the remainder when 1819 is divided by 100?
19
Calculate the remainder when 151 is divided by 12.
7
Calculate the remainder when 1717 is divided by 567.
16
Calculate the remainder when 2594 is divided by 7.
4
What is the remainder when 1882 is divided by 15?
7
What is the remainder when 162 is divided by 11?
8
What is the remainder when 181 is divided by 31?
26
What is the remainder when 1624 is divided by 48?
40
What is the remainder when 172 is divided by 46?
34
Calculate the remainder when 153 is divided by 33.
21
What is the remainder when 40 is divided by 22?
18
What is the remainder when 2388 is divided by 796?
0
What is the remainder when 643 is divided by 14?
13
Calculate the remainder when 76 is divided by 28.
20
Calculate the remainder when 53 is divided by 11.
9
What is the remainder when 47 is divided by 18?
11
Calculate the remainder when 1598 is divided by 1594.
4
What is the remainder when 2126 is divided by 2119?
7
What is the remainder when 2046 is divided by 23?
22
What is the remainder when 474 is divided by 14?
12
What is the remainder when 1510 is divided by 84?
82
What is the remainder when 270 is divided by 25?
20
Calculate the remainder when 16522 is divided by 68.
66
What is the remainder when 1883 is divided by 9?
2
Calculate the remainder when 610 is divided by 88.
82
Calculate the remainder when 10156 is divided by 80.
76
What is the remainder when 97 is divided by 4?
1
Calculate the remainder when 173 is divided by 44.
41
Calculate the remainder when 229 is divided by 33.
31
What is the remainder when 1774 is divided by 21?
10
Calculate the remainder when 7679 is divided by 590.
9
Calculate the remainder when 208 is divided by 39.
13
Calculate the remainder when 194 is divided by 14.
12
What is the remainder when 2292 is divided by 136?
116
What is the remainder when 893 is divided by 101?
85
Calculate the remainder when 3130 is divided by 36.
34
What is the remainder when 115 is divided by 80?
35
What is the remainder when 3449 is divided by 203?
201
What is the remainder when 2115 is divided by 40?
35
What is the remainder when 2703 is divided by 5?
3
What is the remainder when 3229 is divided by 19?
18
What is the remainder when 1870 is divided by 26?
24
What is the remainder when 2245 is divided by 740?
25
What is the remainder when 5451 is divided by 248?
243
Calculate the remainder when 17575 is divided by 34.
31
What is the remainder when 72 is divided by 30?
12
What is the remainder when 5849 is divided by 14?
11
What is the remainder when 2141 is divided by 58?
53
Calculate the remainder when 2527 is divided by 211.
206
Calculate the remainder when 144 is divided by 134.
10
Calculate the remainder when 3498 is divided by 34.
30
Calculate the remainder when 606 is divided by 29.
26
What is the remainder when 937 is divided by 67?
66
What is the remainder when 1780 is divided by 12?
4
Calculate the remainder when 128 is divided by 51.
26
Calculate the remainder when 476 is divided by 12.
8
What is the remainder when 165 is divided by 25?
15
Calculate the remainder when 2230 is divided by 64.
54
Calculate the remainder when 463 is divided by 85.
38
What is the remainder when 7694 is divided by 135?
134
Calculate the remainder when 3634 is divided by 1209.
7
What is the remainder when 196 is divided by 8?
4
What is the remainder when 282 is divided by 77?
51
Calculate the remainder when 336 is divided by 20.
16
Calculate the remainder when 187 is divided by 49.
40
Calculate the remainder when 305 is divided by 29.
15
What is the remainder when 723 is divided by 23?
10
Calculate the remainder when 350 is divided by 57.
8
Calculate the remainder when 896 is divided by 286.
38
Calculate the remainder when 396 is divided by 72.
36
What is the remainder when 197 is divided by 40?
37
What is the remainder when 217 is divided by 196?
21
Calculate the remainder when 17878 is divided by 149.
147
What is the remainder when 2334 is divided by 13?
7
Calculate the remainder when 340 is divided by 317.
23
Calculate the remainder when 189 is divided by 86.
17
Calculate the remainder when 126 is divided by 44.
38
What is the remainder when 109 is divided by 104?
5
Calculate the remainder when 203 is divided by 17.
16
What is the remainder when 451 is divided by 45?
1
What is the remainder when 1060 is divided by 3?
1
What is the remainder when 3395 is divided by 33?
29
What is the remainder when 39 is divided by 32?
7
What is the remainder when 538 is divided by 49?
48
Calculate the remainder when 549 is divided by 29.
27
Calculate the remainder when 117 is divided by 12.
9
What is the remainder when 901 is divided by 127?
12
What is the remainder when 1323 is divided by 51?
48
Calculate the remainder when 181 is divided by 86.
9
Calculate the remainder when 4010 is divided by 73.
68
Calculate the remainder when 6147 is divided by 25.
22
What is the remainder when 53 is divided by 51?
2
What is the remainder when 736 is divided by 188?
172
What is the remainder when 2131 is divided by 41?
40
What is the remainder when 806 is divided by 81?
77
Calculate the remainder when 4497 is divided by 8.
1
What is the remainder when 64 is divided by 20?
4
Calculate the remainder when 102 is divided by 97.
5
Calculate the remainder when 1382 is divided by 11.
7
What is the remainder when 553 is divided by 5?
3
What is the remainder when 1559 is divided by 172?
11
Calculate the remainder when 4652 is divided by 141.
140
What is the remainder when 62 is divided by 17?
11
Calculate the remainder when 1580 is divided by 72.
68
What is the remainder when 8112 is divided by 11?
5
Calculate the remainder when 54 is divided by 14.
12
Calculate the remainder when 382 is divided by 2.
0
What is the remainder when 302 is divided by 77?
71
What is the remainder when 15 is divided by 12?
3
What is the remainder when 155 is divided by 49?
8
What is the remainder when 319 is divided by 47?
